{"id":16140,"date":"2024-05-07T14:38:32","date_gmt":"2024-05-07T14:38:32","guid":{"rendered":"https:\/\/www.hpbilisim.com\/hidrometa\/?post_type=product&#038;p=16140"},"modified":"2024-05-07T19:06:50","modified_gmt":"2024-05-07T19:06:50","slug":"urun-adi","status":"publish","type":"product","link":"https:\/\/www.hpbilisim.com\/hidrometa\/urun\/urun-adi\/","title":{"rendered":"\u00dcr\u00fcn Ad\u0131"},"content":{"rendered":"\t\t<div data-elementor-type=\"product-post\" data-elementor-id=\"16140\" class=\"elementor elementor-16140\" data-elementor-post-type=\"product\">\n\t\t\t\t<div class=\"wd-negative-gap elementor-element elementor-element-0111060 e-flex e-con-boxed e-con e-parent\" data-id=\"0111060\" data-element_type=\"container\">\n\t\t\t\t\t<div class=\"e-con-inner\">\n\t\t<div class=\"elementor-element elementor-element-4a4b34a e-flex e-con-boxed e-con e-child\" data-id=\"4a4b34a\" data-element_type=\"container\">\n\t\t\t\t\t<div class=\"e-con-inner\">\n\t\t\t\t<div class=\"elementor-element elementor-element-f388b51 elementor-widget elementor-widget-wd_image_or_svg\" data-id=\"f388b51\" data-element_type=\"widget\" data-widget_type=\"wd_image_or_svg.default\">\n\t\t\t\t<div class=\"elementor-widget-container\">\n\t\t\t\n\t\t<div class=\"wd-image text-center\">\n\t\t\t\t\t\t\t\t<img decoding=\"async\" width=\"162\" height=\"148\" src=\"https:\/\/www.hpbilisim.com\/hidrometa\/wp-content\/uploads\/2024\/05\/Resim2.jpg\" class=\"attachment-full size-full\" alt=\"\" srcset=\"https:\/\/www.hpbilisim.com\/hidrometa\/wp-content\/uploads\/2024\/05\/Resim2.jpg 162w, https:\/\/www.hpbilisim.com\/hidrometa\/wp-content\/uploads\/2024\/05\/Resim2-150x137.jpg 150w\" sizes=\"(max-width: 162px) 100vw, 162px\" \/>\t\t\t\t\t<\/div>\n\n\t\t\t\t<\/div>\n\t\t\t\t<\/div>\n\t\t\t\t\t<\/div>\n\t\t\t\t<\/div>\n\t\t<div class=\"elementor-element elementor-element-8594d04 e-flex e-con-boxed e-con e-child\" data-id=\"8594d04\" data-element_type=\"container\">\n\t\t\t\t\t<div class=\"e-con-inner\">\n\t\t\t\t<div class=\"elementor-element elementor-element-fc23472 elementor-widget elementor-widget-wd_text_block\" data-id=\"fc23472\" data-element_type=\"widget\" data-widget_type=\"wd_text_block.default\">\n\t\t\t\t<div class=\"elementor-widget-container\">\n\t\t\t\t\t<div class=\"wd-text-block reset-last-child text-left\">\n\t\t\t\n\t\t\t<table width=\"322\"><tbody><tr><td style=\"text-align: center;\" colspan=\"4\" width=\"322\"><strong><span style=\"color: #000000;\">2\/2 SOLENOID UYARILI Y\u00d6N VALFLER\u0130\u00a0<\/span><\/strong><\/td><\/tr><tr><td style=\"text-align: center;\" colspan=\"4\" width=\"322\"><span style=\"color: #ff0000;\">POPPET T\u0130P - NORMALDE KAPALI TEK Y\u00d6NL\u00dc - ENERJ\u0130LEND\u0130\u011e\u0130NDE TEK Y\u00d6NE AKI\u015e<\/span><\/td><\/tr><tr><td><strong><span style=\"color: #000000;\">Valf Kodu<\/span><\/strong><\/td><td width=\"64\"><strong><span style=\"color: #000000;\">Debi<\/span><\/strong><br \/><strong><span style=\"color: #000000;\">(lt\/dk)<\/span><\/strong><\/td><td width=\"64\"><strong><span style=\"color: #000000;\">Bas\u0131n\u00e7<\/span><\/strong><br \/><strong><span style=\"color: #000000;\">(bar)<\/span><\/strong><\/td><td width=\"130\"><strong><span style=\"color: #000000;\">SAE Kavite<\/span><\/strong><br \/><strong><span style=\"color: #000000;\">\u00d6l\u00e7\u00fcs\u00fc<\/span><\/strong><\/td><\/tr><tr><td><strong><span style=\"color: #000000;\">SV08-20<\/span><\/strong><\/td><td><span style=\"color: #000000;\">23<\/span><\/td><td><span style=\"color: #000000;\">207<\/span><\/td><td><span style=\"color: #000000;\">VC08-2<\/span><\/td><\/tr><tr><td><strong><span style=\"color: #000000;\">SF08-20<\/span><\/strong><\/td><td><span style=\"color: #000000;\">19<\/span><\/td><td><span style=\"color: #000000;\">345<\/span><\/td><td><span style=\"color: #000000;\">VC08-2<\/span><\/td><\/tr><tr><td><strong><span style=\"color: #000000;\">SV10-20<\/span><\/strong><\/td><td><span style=\"color: #000000;\">54<\/span><\/td><td><span style=\"color: #000000;\">207<\/span><\/td><td><span style=\"color: #000000;\">VC10-2<\/span><\/td><\/tr><tr><td><strong><span style=\"color: #000000;\">SV12-20<\/span><\/strong><\/td><td><span style=\"color: #000000;\">114<\/span><\/td><td><span style=\"color: #000000;\">240<\/span><\/td><td><span style=\"color: #000000;\">VC12-2<\/span><\/td><\/tr><tr><td><strong><span style=\"color: #000000;\">HSV12-20<\/span><\/strong><\/td><td><span style=\"color: #000000;\">114<\/span><\/td><td><span style=\"color: #000000;\">350<\/span><\/td><td><span style=\"color: #000000;\">HVC12-2<\/span><\/td><\/tr><tr><td><strong><span style=\"color: #000000;\">SV16-20<\/span><\/strong><\/td><td><span style=\"color: #000000;\">150<\/span><\/td><td><span style=\"color: #000000;\">241<\/span><\/td><td><span style=\"color: #000000;\">VC16-2<\/span><\/td><\/tr><\/tbody><\/table>\n\t\t\t\t\t<\/div>\n\t\t\t\t<\/div>\n\t\t\t\t<\/div>\n\t\t\t\t\t<\/div>\n\t\t\t\t<\/div>\n\t\t\t\t\t<\/div>\n\t\t\t\t<\/div>\n\t\t\t\t<\/div>\n\t\t","protected":false},"excerpt":{"rendered":"<p>2\/2 SOLENOID UYARILI Y\u00d6N VALFLER\u0130\u00a0 POPPET T\u0130P &#8211; NORMALDE KAPALI TEK Y\u00d6NL\u00dc &#8211; ENERJ\u0130LEND\u0130\u011e\u0130NDE TEK Y\u00d6NE AKI\u015e Valf Kodu Debi<\/p>\n","protected":false},"featured_media":16173,"template":"","meta":[],"product_cat":[92],"product_tag":[103,100,101,102,104],"_links":{"self":[{"href":"https:\/\/www.hpbilisim.com\/hidrometa\/wp-json\/wp\/v2\/product\/16140"}],"collection":[{"href":"https:\/\/www.hpbilisim.com\/hidrometa\/wp-json\/wp\/v2\/product"}],"about":[{"href":"https:\/\/www.hpbilisim.com\/hidrometa\/wp-json\/wp\/v2\/types\/product"}],"version-history":[{"count":31,"href":"https:\/\/www.hpbilisim.com\/hidrometa\/wp-json\/wp\/v2\/product\/16140\/revisions"}],"predecessor-version":[{"id":16176,"href":"https:\/\/www.hpbilisim.com\/hidrometa\/wp-json\/wp\/v2\/product\/16140\/revisions\/16176"}],"wp:featuredmedia":[{"embeddable":true,"href":"https:\/\/www.hpbilisim.com\/hidrometa\/wp-json\/wp\/v2\/media\/16173"}],"wp:attachment":[{"href":"https:\/\/www.hpbilisim.com\/hidrometa\/wp-json\/wp\/v2\/media?parent=16140"}],"wp:term":[{"taxonomy":"product_cat","embeddable":true,"href":"https:\/\/www.hpbilisim.com\/hidrometa\/wp-json\/wp\/v2\/product_cat?post=16140"},{"taxonomy":"product_tag","embeddable":true,"href":"https:\/\/www.hpbilisim.com\/hidrometa\/wp-json\/wp\/v2\/product_tag?post=16140"}],"curies":[{"name":"wp","href":"https:\/\/api.w.org\/{rel}","templated":true}]}}